995.
405
What is the highest common divisor of 45 and 4068945?
45
What is the greatest common factor of 4205 and 870?
145
Calculate the greatest common divisor of 2250 and 16750.
250
What is the highest common divisor of 8856 and 80688?
984
What is the highest common factor of 55314 and 64?
2
What is the highest common factor of 80096 and 8?
8
What is the highest common factor of 50081 and 122?
61
Calculate the greatest common factor of 447667 and 11.
11
What is the highest common divisor of 18249 and 3729?
33
What is the highest common factor of 1554 and 124838?
518
Calculate the highest common factor of 1927 and 1175.
47
What is the greatest common factor of 30 and 27890?
10
What is the highest common factor of 7221 and 4524?
87
What is the greatest common factor of 991099 and 764?
191
What is the greatest common factor of 2019 and 893071?
673
What is the greatest common factor of 27468 and 1260?
252
What is the highest common divisor of 15813 and 48636?
63
Calculate the highest common divisor of 844598 and 8675.
347
What is the highest common factor of 3324 and 4155?
831
Calculate the highest common divisor of 40300 and 100.
100
What is the highest common factor of 41904 and 1917?
27
Calculate the highest common divisor of 40445 and 65.
5
Calculate the greatest common divisor of 28 and 5088188.
28
What is the highest common divisor of 1168310 and 286?
286
Calculate the highest common divisor of 3341348 and 460.
92
Calculate the greatest common factor of 4819 and 6478.
79
What is the greatest common divisor of 2256 and 202899?
141
What is the highest common divisor of 19058 and 53509?
733
What is the highest common divisor of 50904 and 738?
18
Calculate the greatest common divisor of 12 and 393.
3
What is the highest common divisor of 422 and 1752777?
211
Calculate the greatest common divisor of 7060 and 40.
20
Calculate the highest common factor of 437 and 8947.
23
Calculate the greatest common factor of 46 and 17282.
2
What is the highest common divisor of 44 and 60313?
11
Calculate the greatest common divisor of 752 and 9494.
94
Calculate the highest common factor of 59450 and 90.
10
What is the greatest common factor of 6325700 and 100?
100
What is the highest common factor of 324 and 3769092?
324
What is the highest common divisor of 614710 and 10?
10
What is the greatest common divisor of 22168 and 476?
68
What is the highest common factor of 21 and 38087?
7
What is the greatest common factor of 24304 and 62?
62
Calculate the highest common factor of 2560 and 270720.
640
Calculate the highest common factor of 24840 and 252.
36
What is the greatest common divisor of 5 and 2932?
1
Calculate the greatest common factor of 72 and 34434.
18
What is the highest common factor of 22341 and 33?
33
What is the greatest common factor of 33 and 1066197?
33
What is the greatest common divisor of 782874 and 414?
414
Calculate the greatest common factor of 104 and 1300.
52
What is the greatest common divisor of 6 and 61638?
6
Calculate the greatest common divisor of 120031 and 725.
29
What is the greatest common factor of 576 and 162?
18
What is the greatest common factor of 7943 and 117?
13
What is the greatest common divisor of 47193 and 9?
3
What is the greatest common factor of 48 and 1696218?
6
Calculate the greatest common divisor of 40317 and 89.
89
Calculate the highest common factor of 9676 and 21976.
164
What is the greatest common divisor of 425729 and 23733?
293
Calculate the greatest common divisor of 11375 and 27755.
455
What is the highest common factor of 60319 and 2156?
49
What is the highest common divisor of 1935570 and 156?
78
What is the greatest common factor of 20243732 and 919?
919
What is the highest common divisor of 104559 and 105?
21
Calculate the highest common divisor of 46065 and 333.
111
Calculate the highest common divisor of 853875 and 675.
675
What is the highest common factor of 244010 and 312?
26
Calculate the greatest common divisor of 73888 and 288.
32
What is the greatest common divisor of 2366 and 10816?
338
What is the greatest common factor of 693 and 177639?
231
What is the highest common factor of 933 and 4959828?
933
What is the greatest common factor of 258 and 9718?
86
What is the greatest common divisor of 3833976 and 48?
24
Calculate the highest common factor of 868 and 1029.
7
Calculate the highest common factor of 351 and 173745.
351
What is the highest common divisor of 15896 and 64?
8
Calculate the greatest common divisor of 459 and 418149.
459
What is the highest common divisor of 4320 and 640?
160
Calculate the greatest common divisor of 796 and 1388.
4
What is the greatest common divisor of 30981 and 239766?
1347
What is the highest common factor of 156 and 18?
6
What is the highest common factor of 333 and 3861?
9
What is the greatest common factor of 23707 and 471?
157
Calculate the highest common factor of 16 and 156096.
16
Calculate the greatest common factor of 1579850 and 2850.
950
What is the highest common divisor of 112 and 5852?
28
What is the highest common factor of 43880 and 4840?
40
What is the greatest common factor of 384 and 15456?
96
Calculate the highest common factor of 60840 and 1800.
360
What is the greatest common factor of 195 and 1992770?
65
Calculate the greatest common divisor of 15429 and 417.
417
What is the highest common divisor of 134754 and 5772?
222
What is the greatest common divisor of 140 and 20230?
70
Calculate the greatest common divisor of 547995 and 21183.
921
What is the greatest common factor of 161119 and 7?
7
What is the greatest common divisor of 12790 and 270?
10
What is the greatest common factor of 3149 and 268?
67
What is the greatest common divisor of 30929 and 2561?
197
What is the greatest common factor of 1661 and 140128?
151
Calculate the greatest common divisor of 22 and 65318.
22
Calculate the highest common divisor of 850 and 684675.
425
Calculate the highest common factor of 42653 and 23426.
221
What is the highest common factor of 11227 and 3811?
103
What is the highest common divisor of 89866 and 262?
262
What is the greatest common divisor of 12429 and 36?
9
What is the greatest common divisor of 1344 and 395584?
448
Calculate the highest common factor of 254100 and 132.
132
What is the highest common factor of 184386 and 778?
778
What is the greatest common divisor of 985 and 1773?
197
Calculate the highest common factor of 2602 and 194.
2
Calculate the highest common factor of 51434 and 2.
2
Calculate the highest common factor of 1156 and 34748.
68
Calculate the highest common divisor of 21430444 and 212.
212
What is the highest common factor of 65197 and 22?
11
Calculate the highest common factor of 190732 and 5084.
164
What is the greatest common factor of 94650 and 480?
30
What is the highest common factor of 53679 and 58?
29
Calculate the highest common factor of 1630 and 1170.
10
What is the greatest common divisor of 2072 and 3288?
8
What is the highest common divisor of 13 and 211120?
13
What is the greatest common divisor of 2320 and 954448?
464
What is the highest common divisor of 63550 and 1640?
410
What is the highest common divisor of 139346 and 2166?
722
What is the highest common divisor of 81 and 18063?
81
What is the greatest common factor of 113425 and 275?
25
Calculate the greatest common divisor of 1518384 and 42.
42
What is the greatest common divisor of 232 and 425778?
58
Calculate the highest common factor of 61740 and 9.
9
Calculate the highest common factor of 195 and 48075.
15
Calculate the greatest common divisor of 88 and 177914.
22
Calculate the highest common divisor of 56 and 39004.
28
Calculate the highest common divisor of 14271 and 19596.
213
What is the highest common divisor of 8068676 and 34?
34
Calculate the greatest common factor of 2547951 and 294.
147
Calculate the greatest common factor of 16768 and 26462.
262
Calculate the greatest common divisor of 2282 and 19446.
14
Calculate the highest common divisor of 3333 and 7524.
33
What is the greatest common factor of 380 and 1425?
95
What is the highest common divisor of 5632 and 66?
22
What is the highest common divisor of 293718 and 6?
6
What is the greatest common factor of 44 and 332398?
22
What is the greatest common factor of 1369574 